{"id":20560,"date":"2025-02-03T08:14:29","date_gmt":"2025-02-03T07:14:29","guid":{"rendered":"https:\/\/kaufhaus-tyrol.at\/?page_id=20560"},"modified":"2026-02-02T10:38:35","modified_gmt":"2026-02-02T09:38:35","slug":"valentinstag","status":"publish","type":"page","link":"https:\/\/kaufhaus-tyrol.at\/it\/valentinstag\/","title":{"rendered":"Valentinstag"},"content":{"rendered":"<div class=\"wpb-content-wrapper\"><p>[vc_row][vc_column][vc_custom_heading text=&#8221;Valentinstag im Kaufhaus Tyrol&#8221; font_container=&#8221;tag:h1|text_align:center&#8221; use_theme_fonts=&#8221;yes&#8221;][vc_column_text]<\/p>\n<p style=\"text-align: center;\"><strong>Der Valentinstag steht vor der T\u00fcr!\u00a0<\/strong><\/p>\n<p style=\"text-align: center;\">Am 13. &amp; 14. Februar erwartete euch folgendes bei uns im Haus:<\/p>\n<p style=\"text-align: center;\"><strong><em>Blumenstand im EG:<\/em><\/strong>\u00a0Der Verkaufsstand hat von<br \/>\n11 &#8211; 17 Uhr ge\u00f6ffnet und ihr k\u00f6nnt dort wundersch\u00f6ne und exklusive Blumen-Kreationen erstehen.<\/p>\n<p style=\"text-align: center;\"><em><strong>\u00dcberraschung:<\/strong><\/em> im EG wartet an beiden Tagen\u00a0eine kleine \u00dcberraschung auf euch! *solange der Vorrat reicht<\/p>\n<p style=\"text-align: center;\"><span style=\"font-family: -apple-system, system-ui, BlinkMacSystemFont, 'Segoe UI', Roboto, 'Helvetica Neue', Arial, sans-serif; font-size: 1rem;\">Des weiteren findet ihr in unseren Stores tolle Valentinstag-Geschenk-Sets &amp; eine gro\u00dfe Auswahl an s\u00fc\u00dfen Geschenkideen.<\/span><\/p>\n<p style=\"text-align: center;\">Wir freuen uns auf euch.<\/p>\n<p style=\"text-align: center;\"><strong>HAPPY VALENTINES DAY!<\/strong><\/p>\n<table class=\"mcnTextBlock aligncenter\" border=\"0\" width=\"100%\" cellspacing=\"0\" cellpadding=\"0\">\n<tbody class=\"mcnTextBlockOuter\">\n<tr>\n<td class=\"mcnTextBlockInner\" style=\"text-align: center;\" valign=\"top\"><\/td>\n<\/tr>\n<\/tbody>\n<\/table>\n<p>[\/vc_column_text][\/vc_column][\/vc_row]<\/p>\n<\/div>","protected":false},"excerpt":{"rendered":"<p>[vc_row][vc_column][vc_custom_heading text=&#8221;Valentinstag im Kaufhaus Tyrol&#8221; font_container=&#8221;tag:h1|text_align:center&#8221; use_theme_fonts=&#8221;yes&#8221;][vc_column_text] Der Valentinstag steht vor der T\u00fcr!\u00a0 Am 13. &amp; 14. Februar erwartete euch folgendes bei uns im Haus: Blumenstand im EG:\u00a0Der Verkaufsstand hat von 11 &#8211; 17 Uhr ge\u00f6ffnet und ihr k\u00f6nnt dort wundersch\u00f6ne und exklusive Blumen-Kreationen erstehen. \u00dcberraschung: im EG wartet an beiden Tagen\u00a0eine kleine \u00dcberraschung auf<\/p>\n","protected":false},"author":5005,"featured_media":21718,"parent":0,"menu_order":0,"comment_status":"closed","ping_status":"closed","template":"","meta":{"_acf_changed":false,"inline_featured_image":false,"footnotes":""},"acf":[],"yoast_head":"<!-- This site is optimized with the Yoast SEO plugin v23.5 - https:\/\/yoast.com\/wordpress\/plugins\/seo\/ -->\n<title>Valentinstag - Kaufhaus Tyrol<\/title>\n<meta name=\"robots\" content=\"index, follow, max-snippet:-1, max-image-preview:large, max-video-preview:-1\" \/>\n<link rel=\"canonical\" href=\"https:\/\/kaufhaus-tyrol.at\/de\/valentinstag\/\" \/>\n<meta property=\"og:locale\" content=\"it_IT\" \/>\n<meta property=\"og:type\" content=\"article\" \/>\n<meta property=\"og:title\" content=\"Valentinstag - Kaufhaus Tyrol\" \/>\n<meta property=\"og:description\" content=\"[vc_row][vc_column][vc_custom_heading text=&#8221;Valentinstag im Kaufhaus Tyrol&#8221; font_container=&#8221;tag:h1|text_align:center&#8221; use_theme_fonts=&#8221;yes&#8221;][vc_column_text] Der Valentinstag steht vor der T\u00fcr!\u00a0 Am 13. &amp; 14. Februar erwartete euch folgendes bei uns im Haus: Blumenstand im EG:\u00a0Der Verkaufsstand hat von 11 &#8211; 17 Uhr ge\u00f6ffnet und ihr k\u00f6nnt dort wundersch\u00f6ne und exklusive Blumen-Kreationen erstehen. \u00dcberraschung: im EG wartet an beiden Tagen\u00a0eine kleine \u00dcberraschung auf\" \/>\n<meta property=\"og:url\" content=\"https:\/\/kaufhaus-tyrol.at\/de\/valentinstag\/\" \/>\n<meta property=\"og:site_name\" content=\"Kaufhaus Tyrol\" \/>\n<meta property=\"article:publisher\" content=\"https:\/\/www.facebook.com\/kaufhaustyrol\/\" \/>\n<meta property=\"article:modified_time\" content=\"2026-02-02T09:38:35+00:00\" \/>\n<meta property=\"og:image\" content=\"https:\/\/kaufhaus-tyrol.at\/wp-content\/uploads\/2026\/02\/Bildschirmfoto-2026-02-02-um-10.38.03.png\" \/>\n\t<meta property=\"og:image:width\" content=\"2128\" \/>\n\t<meta property=\"og:image:height\" content=\"716\" \/>\n\t<meta property=\"og:image:type\" content=\"image\/png\" \/>\n<meta name=\"twitter:card\" content=\"summary_large_image\" \/>\n<meta name=\"twitter:label1\" content=\"Tempo di lettura stimato\" \/>\n\t<meta name=\"twitter:data1\" content=\"1 minuto\" \/>\n<script type=\"application\/ld+json\" class=\"yoast-schema-graph\">{\"@context\":\"https:\/\/schema.org\",\"@graph\":[{\"@type\":\"WebPage\",\"@id\":\"https:\/\/kaufhaus-tyrol.at\/de\/valentinstag\/\",\"url\":\"https:\/\/kaufhaus-tyrol.at\/de\/valentinstag\/\",\"name\":\"Valentinstag - Kaufhaus Tyrol\",\"isPartOf\":{\"@id\":\"https:\/\/kaufhaus-tyrol.at\/de\/#website\"},\"primaryImageOfPage\":{\"@id\":\"https:\/\/kaufhaus-tyrol.at\/de\/valentinstag\/#primaryimage\"},\"image\":{\"@id\":\"https:\/\/kaufhaus-tyrol.at\/de\/valentinstag\/#primaryimage\"},\"thumbnailUrl\":\"https:\/\/kaufhaus-tyrol.at\/wp-content\/uploads\/2026\/02\/Bildschirmfoto-2026-02-02-um-10.38.03.png\",\"datePublished\":\"2025-02-03T07:14:29+00:00\",\"dateModified\":\"2026-02-02T09:38:35+00:00\",\"breadcrumb\":{\"@id\":\"https:\/\/kaufhaus-tyrol.at\/de\/valentinstag\/#breadcrumb\"},\"inLanguage\":\"it-IT\",\"potentialAction\":[{\"@type\":\"ReadAction\",\"target\":[\"https:\/\/kaufhaus-tyrol.at\/de\/valentinstag\/\"]}]},{\"@type\":\"ImageObject\",\"inLanguage\":\"it-IT\",\"@id\":\"https:\/\/kaufhaus-tyrol.at\/de\/valentinstag\/#primaryimage\",\"url\":\"https:\/\/kaufhaus-tyrol.at\/wp-content\/uploads\/2026\/02\/Bildschirmfoto-2026-02-02-um-10.38.03.png\",\"contentUrl\":\"https:\/\/kaufhaus-tyrol.at\/wp-content\/uploads\/2026\/02\/Bildschirmfoto-2026-02-02-um-10.38.03.png\",\"width\":2128,\"height\":716,\"caption\":\"Valentinstag\"},{\"@type\":\"BreadcrumbList\",\"@id\":\"https:\/\/kaufhaus-tyrol.at\/de\/valentinstag\/#breadcrumb\",\"itemListElement\":[{\"@type\":\"ListItem\",\"position\":1,\"name\":\"Home\",\"item\":\"https:\/\/kaufhaus-tyrol.at\/it\/\"},{\"@type\":\"ListItem\",\"position\":2,\"name\":\"Valentinstag\"}]},{\"@type\":\"WebSite\",\"@id\":\"https:\/\/kaufhaus-tyrol.at\/de\/#website\",\"url\":\"https:\/\/kaufhaus-tyrol.at\/de\/\",\"name\":\"Kaufhaus Tyrol\",\"description\":\"Shopping im Herzen von Innsbruck\",\"potentialAction\":[{\"@type\":\"SearchAction\",\"target\":{\"@type\":\"EntryPoint\",\"urlTemplate\":\"https:\/\/kaufhaus-tyrol.at\/de\/?s={search_term_string}\"},\"query-input\":{\"@type\":\"PropertyValueSpecification\",\"valueRequired\":true,\"valueName\":\"search_term_string\"}}],\"inLanguage\":\"it-IT\"}]}<\/script>\n<!-- \/ Yoast SEO plugin. -->","yoast_head_json":{"title":"Valentinstag - Kaufhaus Tyrol","robots":{"index":"index","follow":"follow","max-snippet":"max-snippet:-1","max-image-preview":"max-image-preview:large","max-video-preview":"max-video-preview:-1"},"canonical":"https:\/\/kaufhaus-tyrol.at\/de\/valentinstag\/","og_locale":"it_IT","og_type":"article","og_title":"Valentinstag - Kaufhaus Tyrol","og_description":"[vc_row][vc_column][vc_custom_heading text=&#8221;Valentinstag im Kaufhaus Tyrol&#8221; font_container=&#8221;tag:h1|text_align:center&#8221; use_theme_fonts=&#8221;yes&#8221;][vc_column_text] Der Valentinstag steht vor der T\u00fcr!\u00a0 Am 13. &amp; 14. Februar erwartete euch folgendes bei uns im Haus: Blumenstand im EG:\u00a0Der Verkaufsstand hat von 11 &#8211; 17 Uhr ge\u00f6ffnet und ihr k\u00f6nnt dort wundersch\u00f6ne und exklusive Blumen-Kreationen erstehen. \u00dcberraschung: im EG wartet an beiden Tagen\u00a0eine kleine \u00dcberraschung auf","og_url":"https:\/\/kaufhaus-tyrol.at\/de\/valentinstag\/","og_site_name":"Kaufhaus Tyrol","article_publisher":"https:\/\/www.facebook.com\/kaufhaustyrol\/","article_modified_time":"2026-02-02T09:38:35+00:00","og_image":[{"width":2128,"height":716,"url":"https:\/\/kaufhaus-tyrol.at\/wp-content\/uploads\/2026\/02\/Bildschirmfoto-2026-02-02-um-10.38.03.png","type":"image\/png"}],"twitter_card":"summary_large_image","twitter_misc":{"Tempo di lettura stimato":"1 minuto"},"schema":{"@context":"https:\/\/schema.org","@graph":[{"@type":"WebPage","@id":"https:\/\/kaufhaus-tyrol.at\/de\/valentinstag\/","url":"https:\/\/kaufhaus-tyrol.at\/de\/valentinstag\/","name":"Valentinstag - Kaufhaus Tyrol","isPartOf":{"@id":"https:\/\/kaufhaus-tyrol.at\/de\/#website"},"primaryImageOfPage":{"@id":"https:\/\/kaufhaus-tyrol.at\/de\/valentinstag\/#primaryimage"},"image":{"@id":"https:\/\/kaufhaus-tyrol.at\/de\/valentinstag\/#primaryimage"},"thumbnailUrl":"https:\/\/kaufhaus-tyrol.at\/wp-content\/uploads\/2026\/02\/Bildschirmfoto-2026-02-02-um-10.38.03.png","datePublished":"2025-02-03T07:14:29+00:00","dateModified":"2026-02-02T09:38:35+00:00","breadcrumb":{"@id":"https:\/\/kaufhaus-tyrol.at\/de\/valentinstag\/#breadcrumb"},"inLanguage":"it-IT","potentialAction":[{"@type":"ReadAction","target":["https:\/\/kaufhaus-tyrol.at\/de\/valentinstag\/"]}]},{"@type":"ImageObject","inLanguage":"it-IT","@id":"https:\/\/kaufhaus-tyrol.at\/de\/valentinstag\/#primaryimage","url":"https:\/\/kaufhaus-tyrol.at\/wp-content\/uploads\/2026\/02\/Bildschirmfoto-2026-02-02-um-10.38.03.png","contentUrl":"https:\/\/kaufhaus-tyrol.at\/wp-content\/uploads\/2026\/02\/Bildschirmfoto-2026-02-02-um-10.38.03.png","width":2128,"height":716,"caption":"Valentinstag"},{"@type":"BreadcrumbList","@id":"https:\/\/kaufhaus-tyrol.at\/de\/valentinstag\/#breadcrumb","itemListElement":[{"@type":"ListItem","position":1,"name":"Home","item":"https:\/\/kaufhaus-tyrol.at\/it\/"},{"@type":"ListItem","position":2,"name":"Valentinstag"}]},{"@type":"WebSite","@id":"https:\/\/kaufhaus-tyrol.at\/de\/#website","url":"https:\/\/kaufhaus-tyrol.at\/de\/","name":"Kaufhaus Tyrol","description":"Shopping im Herzen von Innsbruck","potentialAction":[{"@type":"SearchAction","target":{"@type":"EntryPoint","urlTemplate":"https:\/\/kaufhaus-tyrol.at\/de\/?s={search_term_string}"},"query-input":{"@type":"PropertyValueSpecification","valueRequired":true,"valueName":"search_term_string"}}],"inLanguage":"it-IT"}]}},"_links":{"self":[{"href":"https:\/\/kaufhaus-tyrol.at\/it\/wp-json\/wp\/v2\/pages\/20560"}],"collection":[{"href":"https:\/\/kaufhaus-tyrol.at\/it\/wp-json\/wp\/v2\/pages"}],"about":[{"href":"https:\/\/kaufhaus-tyrol.at\/it\/wp-json\/wp\/v2\/types\/page"}],"author":[{"embeddable":true,"href":"https:\/\/kaufhaus-tyrol.at\/it\/wp-json\/wp\/v2\/users\/5005"}],"replies":[{"embeddable":true,"href":"https:\/\/kaufhaus-tyrol.at\/it\/wp-json\/wp\/v2\/comments?post=20560"}],"version-history":[{"count":4,"href":"https:\/\/kaufhaus-tyrol.at\/it\/wp-json\/wp\/v2\/pages\/20560\/revisions"}],"predecessor-version":[{"id":21717,"href":"https:\/\/kaufhaus-tyrol.at\/it\/wp-json\/wp\/v2\/pages\/20560\/revisions\/21717"}],"wp:featuredmedia":[{"embeddable":true,"href":"https:\/\/kaufhaus-tyrol.at\/it\/wp-json\/wp\/v2\/media\/21718"}],"wp:attachment":[{"href":"https:\/\/kaufhaus-tyrol.at\/it\/wp-json\/wp\/v2\/media?parent=20560"}],"curies":[{"name":"wp","href":"https:\/\/api.w.org\/{rel}","templated":true}]}}

<div class="wpb-content-wrapper"><p>[vc_row][vc_column][vc_custom_heading text=&#8221;Valentinstag im Kaufhaus Tyrol&#8221; font_container=&#8221;tag:h1|text_align:center&#8221; use_theme_fonts=&#8221;yes&#8221;][vc_column_text]</p>
<p style="text-align: center;"><strong>Der Valentinstag steht vor der Tür! </strong></p>
<p style="text-align: center;">Am 13. &amp; 14. Februar erwartete euch folgendes bei uns im Haus:</p>
<p style="text-align: center;"><strong><em>Blumenstand im EG:</em></strong> Der Verkaufsstand hat von<br />
11 &#8211; 17 Uhr geöffnet und ihr könnt dort wunderschöne und exklusive Blumen-Kreationen erstehen.</p>
<p style="text-align: center;"><em><strong>Überraschung:</strong></em> im EG wartet an beiden Tagen eine kleine Überraschung auf euch! *solange der Vorrat reicht</p>
<p style="text-align: center;"><span style="font-family: -apple-system, system-ui, BlinkMacSystemFont, 'Segoe UI', Roboto, 'Helvetica Neue', Arial, sans-serif; font-size: 1rem;">Des weiteren findet ihr in unseren Stores tolle Valentinstag-Geschenk-Sets &amp; eine große Auswahl an süßen Geschenkideen.</span></p>
<p style="text-align: center;">Wir freuen uns auf euch.</p>
<p style="text-align: center;"><strong>HAPPY VALENTINES DAY!</strong></p>
<table class="mcnTextBlock aligncenter" border="0" width="100%" cellspacing="0" cellpadding="0">
<tbody class="mcnTextBlockOuter">
<tr>
<td class="mcnTextBlockInner" style="text-align: center;" valign="top"></td>
</tr>
</tbody>
</table>
<p>[/vc_column_text][/vc_column][/vc_row]</p>
</div>

<p>[vc_row][vc_column][vc_custom_heading text=&#8221;Valentinstag im Kaufhaus Tyrol&#8221; font_container=&#8221;tag:h1|text_align:center&#8221; use_theme_fonts=&#8221;yes&#8221;][vc_column_text] Der Valentinstag steht vor der Tür!  Am 13. &amp; 14. Februar erwartete euch folgendes bei uns im Haus: Blumenstand im EG: Der Verkaufsstand hat von 11 &#8211; 17 Uhr geöffnet und ihr könnt dort wunderschöne und exklusive Blumen-Kreationen erstehen. Überraschung: im EG wartet an beiden Tagen eine kleine Überraschung auf</p>

<!-- This site is optimized with the Yoast SEO plugin v23.5 - https://yoast.com/wordpress/plugins/seo/ -->
<title>Valentinstag - Kaufhaus Tyrol</title>
<meta name="robots" content="index, follow, max-snippet:-1, max-image-preview:large, max-video-preview:-1" />
<link rel="canonical" href="https://kaufhaus-tyrol.at/de/valentinstag/" />
<meta property="og:locale" content="it_IT" />
<meta property="og:type" content="article" />
<meta property="og:title" content="Valentinstag - Kaufhaus Tyrol" />
<meta property="og:description" content="[vc_row][vc_column][vc_custom_heading text=&#8221;Valentinstag im Kaufhaus Tyrol&#8221; font_container=&#8221;tag:h1|text_align:center&#8221; use_theme_fonts=&#8221;yes&#8221;][vc_column_text] Der Valentinstag steht vor der Tür!  Am 13. &amp; 14. Februar erwartete euch folgendes bei uns im Haus: Blumenstand im EG: Der Verkaufsstand hat von 11 &#8211; 17 Uhr geöffnet und ihr könnt dort wunderschöne und exklusive Blumen-Kreationen erstehen. Überraschung: im EG wartet an beiden Tagen eine kleine Überraschung auf" />
<meta property="og:url" content="https://kaufhaus-tyrol.at/de/valentinstag/" />
<meta property="og:site_name" content="Kaufhaus Tyrol" />
<meta property="article:publisher" content="https://www.facebook.com/kaufhaustyrol/" />
<meta property="article:modified_time" content="2026-02-02T09:38:35+00:00" />
<meta property="og:image" content="https://kaufhaus-tyrol.at/wp-content/uploads/2026/02/Bildschirmfoto-2026-02-02-um-10.38.03.png" />
	<meta property="og:image:width" content="2128" />
	<meta property="og:image:height" content="716" />
	<meta property="og:image:type" content="image/png" />
<meta name="twitter:card" content="summary_large_image" />
<meta name="twitter:label1" content="Tempo di lettura stimato" />
	<meta name="twitter:data1" content="1 minuto" />
<script type="application/ld+json" class="yoast-schema-graph">{"@context":"https://schema.org","@graph":[{"@type":"WebPage","@id":"https://kaufhaus-tyrol.at/de/valentinstag/","url":"https://kaufhaus-tyrol.at/de/valentinstag/","name":"Valentinstag - Kaufhaus Tyrol","isPartOf":{"@id":"https://kaufhaus-tyrol.at/de/#website"},"primaryImageOfPage":{"@id":"https://kaufhaus-tyrol.at/de/valentinstag/#primaryimage"},"image":{"@id":"https://kaufhaus-tyrol.at/de/valentinstag/#primaryimage"},"thumbnailUrl":"https://kaufhaus-tyrol.at/wp-content/uploads/2026/02/Bildschirmfoto-2026-02-02-um-10.38.03.png","datePublished":"2025-02-03T07:14:29+00:00","dateModified":"2026-02-02T09:38:35+00:00","breadcrumb":{"@id":"https://kaufhaus-tyrol.at/de/valentinstag/#breadcrumb"},"inLanguage":"it-IT","potentialAction":[{"@type":"ReadAction","target":["https://kaufhaus-tyrol.at/de/valentinstag/"]}]},{"@type":"ImageObject","inLanguage":"it-IT","@id":"https://kaufhaus-tyrol.at/de/valentinstag/#primaryimage","url":"https://kaufhaus-tyrol.at/wp-content/uploads/2026/02/Bildschirmfoto-2026-02-02-um-10.38.03.png","contentUrl":"https://kaufhaus-tyrol.at/wp-content/uploads/2026/02/Bildschirmfoto-2026-02-02-um-10.38.03.png","width":2128,"height":716,"caption":"Valentinstag"},{"@type":"BreadcrumbList","@id":"https://kaufhaus-tyrol.at/de/valentinstag/#breadcrumb","itemListElement":[{"@type":"ListItem","position":1,"name":"Home","item":"https://kaufhaus-tyrol.at/it/"},{"@type":"ListItem","position":2,"name":"Valentinstag"}]},{"@type":"WebSite","@id":"https://kaufhaus-tyrol.at/de/#website","url":"https://kaufhaus-tyrol.at/de/","name":"Kaufhaus Tyrol","description":"Shopping im Herzen von Innsbruck","potentialAction":[{"@type":"SearchAction","target":{"@type":"EntryPoint","urlTemplate":"https://kaufhaus-tyrol.at/de/?s={search_term_string}"},"query-input":{"@type":"PropertyValueSpecification","valueRequired":true,"valueName":"search_term_string"}}],"inLanguage":"it-IT"}]}</script>
<!-- / Yoast SEO plugin. -->

[vc_row][vc_column][vc_custom_heading text=&#8221;Valentinstag im Kaufhaus Tyrol&#8221; font_container=&#8221;tag:h1|text_align:center&#8221; use_theme_fonts=&#8221;yes&#8221;][vc_column_text] Der Valentinstag steht vor der Tür!  Am 13. &amp; 14. Februar erwartete euch folgendes bei uns im Haus: Blumenstand im EG: Der Verkaufsstand hat von 11 &#8211; 17 Uhr geöffnet und ihr könnt dort wunderschöne und exklusive Blumen-Kreationen erstehen. Überraschung: im EG wartet an beiden Tagen eine kleine Überraschung auf
